{"id":1988,"date":"2022-10-02T22:07:36","date_gmt":"2022-10-02T20:07:36","guid":{"rendered":"https:\/\/amueblacooperacion.es\/?page_id=1988"},"modified":"2023-02-15T11:34:35","modified_gmt":"2023-02-15T10:34:35","slug":"capacities","status":"publish","type":"page","link":"https:\/\/amueblacooperacion.es\/en\/capacities\/","title":{"rendered":"Capacities"},"content":{"rendered":"\n<div style=\"height:100px\" aria-hidden=\"true\" class=\"wp-block-spacer spacer-30\"><\/div>\n\n<div class=\"wp-container-3 wp-block-columns m-w-1024 f-drch\">\n<div class=\"wp-container-1 wp-block-column\">\n<p><strong>Industria 4.0<\/strong><\/p>\n\n\n\n<p>Desde AMUEBLA trabajamos, junto a las empresas del sector del h\u00e1bitat, en la configuraci\u00f3n de un tejido industrial innovador y automatizado respecto a las necesidades de producci\u00f3n de un entorno cada vez m\u00e1s demandante y digitalizado.<\/p>\n\n\n\n<p>Para ello, trabajamos en proyectos de investigaci\u00f3n de car\u00e1cter nacional e internacional que nos ayudan a comprender la casu\u00edstica de este complejo entramado con el fin de poner nuestro conocimiento en manos de las empresas que as\u00ed lo soliciten.<\/p>\n\n\n\n<div class=\"wp-block-getwid-advanced-spacer getwid-hide-desktop\" style=\"height:60px\" aria-hidden=\"true\"><\/div>\n<\/div>\n\n\n\n<div class=\"wp-container-2 wp-block-column\">\n<p><strong>Responsabilidad Social Corporativa<\/strong><\/p>\n\n\n\n<p>AMUEBLA es un cl\u00faster comprometido con la responsabilidad que como entidad generamos en el ecosistema empresarial que nos rodea.<\/p>\n\n\n\n<p>Creemos firmemente en la aportaci\u00f3n que las empresas realizan a la sociedad a trav\u00e9s de una gesti\u00f3n responsable con el entorno en materia de igualdad, conciliaci\u00f3n, sostenibilidad, etc.<\/p>\n\n\n\n<div class=\"wp-block-getwid-advanced-spacer getwid-hide-desktop\" style=\"height:60px\" aria-hidden=\"true\"><\/div>\n<\/div>\n<\/div>\n\n<div class=\"wp-container-6 wp-block-columns m-w-1024 f-drch\">\n<div class=\"wp-container-4 wp-block-column\">\n<p><strong>Econom\u00eda Circular<\/strong><\/p>\n\n\n\n<p>La sostenibilidad es uno de nuestros valores fundamentales. Sabemos que el progreso debe basarse en una econom\u00eda circular que nos permita mantener altos niveles de producci\u00f3n a la vez que protegemos el ecosistema.<\/p>\n\n\n\n<p>Nos especializamos en el desarrollo de proyectos internacionales que nos permiten investigar desde diferentes perspectivas las posibilidades de la econom\u00eda circular en el sector del h\u00e1bitat.<\/p>\n\n\n\n<div class=\"wp-block-getwid-advanced-spacer getwid-hide-desktop\" style=\"height:60px\" aria-hidden=\"true\"><\/div>\n<\/div>\n\n\n\n<div class=\"wp-container-5 wp-block-column\">\n<p><strong>Innovaci\u00f3n en el h\u00e1bitat<\/strong><\/p>\n\n\n\n<p>Como cl\u00faster del mueble y la madera hacemos hincapi\u00e9 en apoyar a las empresas de dicho sector en los procesos de innovaci\u00f3n que puedan resultar beneficiosos para su avance tecnol\u00f3gico.<\/p>\n\n\n\n<p>Tras m\u00e1s de catorce a\u00f1os de experiencia en el sector del h\u00e1bitat nuestras empresas asociadas conf\u00edan en nuestro know-how para el asesoramiento personalizado que lleve a sus empresas al siguiente nivel de eficiencia y eficacia para crecer de manera responsable e innovadora.<\/p>\n\n\n\n<div class=\"wp-block-getwid-advanced-spacer getwid-hide-desktop\" style=\"height:60px\" aria-hidden=\"true\"><\/div>\n<\/div>\n<\/div>\n\n<div style=\"height:30px\" aria-hidden=\"true\" class=\"wp-block-spacer\"><\/div>\n\n<div class=\"wp-container-8 wp-block-group m-w-1024 f-drch\"><div class=\"wp-block-group__inner-container\">\n<div class=\"wp-container-7 wp-block-buttons\">\n<div class=\"wp-block-button\"><a class=\"wp-block-button__link\" href=\"\/iniciatives\/\">View Iniciatives<\/a><\/div>\n<\/div>\n<\/div><\/div>\n","protected":false},"excerpt":{"rendered":"<p>Industria 4.0 Desde AMUEBLA trabajamos, junto a las empresas del sector del h\u00e1bitat, en la configuraci\u00f3n de un tejido industrial innovador y automatizado respecto a<\/p>\n","protected":false},"author":2,"featured_media":0,"parent":0,"menu_order":0,"comment_status":"closed","ping_status":"closed","template":"amuebla.php","meta":{"inline_featured_image":false},"acf":[],"_links":{"self":[{"href":"https:\/\/amueblacooperacion.es\/en\/wp-json\/wp\/v2\/pages\/1988"}],"collection":[{"href":"https:\/\/amueblacooperacion.es\/en\/wp-json\/wp\/v2\/pages"}],"about":[{"href":"https:\/\/amueblacooperacion.es\/en\/wp-json\/wp\/v2\/types\/page"}],"author":[{"embeddable":true,"href":"https:\/\/amueblacooperacion.es\/en\/wp-json\/wp\/v2\/users\/2"}],"replies":[{"embeddable":true,"href":"https:\/\/amueblacooperacion.es\/en\/wp-json\/wp\/v2\/comments?post=1988"}],"version-history":[{"count":7,"href":"https:\/\/amueblacooperacion.es\/en\/wp-json\/wp\/v2\/pages\/1988\/revisions"}],"predecessor-version":[{"id":2323,"href":"https:\/\/amueblacooperacion.es\/en\/wp-json\/wp\/v2\/pages\/1988\/revisions\/2323"}],"wp:attachment":[{"href":"https:\/\/amueblacooperacion.es\/en\/wp-json\/wp\/v2\/media?parent=1988"}],"curies":[{"name":"wp","href":"https:\/\/api.w.org\/{rel}","templated":true}]}}

<div style="height:100px" aria-hidden="true" class="wp-block-spacer spacer-30"></div>

<div class="wp-container-3 wp-block-columns m-w-1024 f-drch">
<div class="wp-container-1 wp-block-column">
<p><strong>Industria 4.0</strong></p>



<p>Desde AMUEBLA trabajamos, junto a las empresas del sector del hábitat, en la configuración de un tejido industrial innovador y automatizado respecto a las necesidades de producción de un entorno cada vez más demandante y digitalizado.</p>



<p>Para ello, trabajamos en proyectos de investigación de carácter nacional e internacional que nos ayudan a comprender la casuística de este complejo entramado con el fin de poner nuestro conocimiento en manos de las empresas que así lo soliciten.</p>



<div class="wp-block-getwid-advanced-spacer getwid-hide-desktop" style="height:60px" aria-hidden="true"></div>
</div>



<div class="wp-container-2 wp-block-column">
<p><strong>Responsabilidad Social Corporativa</strong></p>



<p>AMUEBLA es un clúster comprometido con la responsabilidad que como entidad generamos en el ecosistema empresarial que nos rodea.</p>



<p>Creemos firmemente en la aportación que las empresas realizan a la sociedad a través de una gestión responsable con el entorno en materia de igualdad, conciliación, sostenibilidad, etc.</p>



<div class="wp-block-getwid-advanced-spacer getwid-hide-desktop" style="height:60px" aria-hidden="true"></div>
</div>
</div>

<div class="wp-container-6 wp-block-columns m-w-1024 f-drch">
<div class="wp-container-4 wp-block-column">
<p><strong>Economía Circular</strong></p>



<p>La sostenibilidad es uno de nuestros valores fundamentales. Sabemos que el progreso debe basarse en una economía circular que nos permita mantener altos niveles de producción a la vez que protegemos el ecosistema.</p>



<p>Nos especializamos en el desarrollo de proyectos internacionales que nos permiten investigar desde diferentes perspectivas las posibilidades de la economía circular en el sector del hábitat.</p>



<div class="wp-block-getwid-advanced-spacer getwid-hide-desktop" style="height:60px" aria-hidden="true"></div>
</div>



<div class="wp-container-5 wp-block-column">
<p><strong>Innovación en el hábitat</strong></p>



<p>Como clúster del mueble y la madera hacemos hincapié en apoyar a las empresas de dicho sector en los procesos de innovación que puedan resultar beneficiosos para su avance tecnológico.</p>



<p>Tras más de catorce años de experiencia en el sector del hábitat nuestras empresas asociadas confían en nuestro know-how para el asesoramiento personalizado que lleve a sus empresas al siguiente nivel de eficiencia y eficacia para crecer de manera responsable e innovadora.</p>



<div class="wp-block-getwid-advanced-spacer getwid-hide-desktop" style="height:60px" aria-hidden="true"></div>
</div>
</div>

<div style="height:30px" aria-hidden="true" class="wp-block-spacer"></div>

<div class="wp-container-8 wp-block-group m-w-1024 f-drch"><div class="wp-block-group__inner-container">
<div class="wp-container-7 wp-block-buttons">
<div class="wp-block-button"><a class="wp-block-button__link" href="/iniciatives/">View Iniciatives</a></div>
</div>
</div></div>

<p>Industria 4.0 Desde AMUEBLA trabajamos, junto a las empresas del sector del hábitat, en la configuración de un tejido industrial innovador y automatizado respecto a</p>
